is the ten thousands digit of 1494055?
9
What is the units digit of 11584313?
3
What is the millions digit of 1753407?
1
What is the tens digit of 4499463?
6
What is the millions digit of 10975645?
0
What is the thousands digit of 11329670?
9
What is the thousands digit of 568245?
8
What is the hundreds digit of 54762?
7
What is the units digit of 94953?
3
What is the hundred thousands digit of 381755?
3
What is the units digit of 77444?
4
What is the hundred thousands digit of 18362625?
3
What is the thousands digit of 1439111?
9
What is the hundred thousands digit of 1944238?
9
What is the hundreds digit of 412859?
8
What is the tens digit of 5413241?
4
What is the units digit of 3499132?
2
What is the thousands digit of 2455085?
5
What is the ten thousands digit of 2154595?
5
What is the hundreds digit of 302698?
6
What is the hundreds digit of 722960?
9
What is the ten millions digit of 13156073?
1
What is the ten thousands digit of 140892?
4
What is the thousands digit of 319269?
9
What is the tens digit of 29071233?
3
What is the millions digit of 14322284?
4
What is the units digit of 1332273?
3
What is the ten thousands digit of 4260976?
6
What is the ten thousands digit of 1121495?
2
What is the millions digit of 1661144?
1
What is the thousands digit of 178941?
8
What is the thousands digit of 6691105?
1
What is the hundred thousands digit of 226115?
2
What is the units digit of 6438274?
4
What is the hundreds digit of 2158535?
5
What is the hundred thousands digit of 765905?
7
What is the ten thousands digit of 35739148?
3
What is the tens digit of 426072?
7
What is the millions digit of 23367885?
3
What is the thousands digit of 17177628?
7
What is the hundred thousands digit of 14182018?
1
What is the thousands digit of 727926?
7
What is the units digit of 1420308?
8
What is the hundred thousands digit of 918458?
9
What is the units digit of 710603?
3
What is the millions digit of 7087249?
7
What is the hundred thousands digit of 691417?
6
What is the hundred thousands digit of 2548583?
5
What is the hundreds digit of 1118695?
6
What is the hundred thousands digit of 356341?
3
What is the units digit of 9118?
8
What is the millions digit of 3172173?
3
What is the millions digit of 2152761?
2
What is the units digit of 4246931?
1
What is the thousands digit of 2069726?
9
What is the tens digit of 605711?
1
What is the units digit of 2659087?
7
What is the hundreds digit of 4578254?
2
What is the tens digit of 121695?
9
What is the hundred thousands digit of 699456?
6
What is the hundred thousands digit of 8558424?
5
What is the thousands digit of 1643922?
3
What is the tens digit of 316277?
7
What is the thousands digit of 1429392?
9
What is the hundreds digit of 14100074?
0
What is the thousands digit of 1308005?
8
What is the hundred thousands digit of 6665357?
6
What is the hundred thousands digit of 5068438?
0
What is the hundreds digit of 980394?
3
What is the units digit of 654190?
0
What is the tens digit of 1522718?
1
What is the ten thousands digit of 4467560?
6
What is the millions digit of 2767941?
2
What is the hundreds digit of 82919?
9
What is the units digit of 15557145?
5
What is the units digit of 4912354?
4
What is the tens digit of 1153417?
1
What is the thousands digit of 2945028?
5
What is the thousands digit of 939022?
9
What is the hundreds digit of 191937?
9
What is the thousands digit of 149929?
9
What is the hundreds digit of 166292?
2
What is the millions digit of 1728812?
1
What is the units digit of 311197?
7
What is the ten thousands digit of 1032189?
3
What is the tens digit of 110027?
2
What is the ten thousands digit of 2688729?
8
What is the hundred thousands digit of 5273000?
2
What is the tens digit of 20372?
7
What is the tens digit of 2118?
1
What is the thousands digit of 22211498?
1
What is the thousands digit of 549279?
9
What is the thousands digit of 267036?
7
What is the ten thousands digit of 501717?
0
What is the ten thousands digit of 260750?
6
What is the units digit of 824387?
7
What is the tens digit of 165357?
5
What is the hundred thousands digit of 10146832?
1
What is the hundreds digit of 12764706?
7
What is the hundreds digit of 292701?
7
What is the tens digit of 1138532?
3
What is the thousands digit of 116653?
6
What is the tens digit of 9959705?
0
What is the tens digit of 987305?
0
What is the hundreds digit of 4866758?
7
What is the units digit of 19732917?
7
What is the ten thousands digit of 24661775?
6
What is the tens digit of 211610?
1
What is the hundreds digit of 475855?
8
What is the thousands digit of 526903?
6
What is the tens digit of 31465457?
5
What is the hundreds digit of 4763190?
1
What is the tens digit of 1548041?
4
What is the thousands digit of 2084491?
4
What is the hundreds digit of 16210623?
6
What is the ten thousands digit of 3089461?
8
What is the hundreds digit of 9281281?
2
What is the hundred thousands digit of 9785149?
7
What is the ten thousands digit of 919329?
1
What is the tens digit of 1254508?
0
What is the ten thousands digit of 105991?
0
What is the thousands digit of 448864?
8
What is the thousands digit of 212337?
2
What is the hundred thousands digit of 1462049?
4
What is the units digit of 8791157?
7
What is the millions digit of 2388748?
2
What is the hundreds digit of 648560?
5
What is the ten thousands digit of 3989023?
8
What is the hundred thousands digit of 6958853?
9
What is the hundreds digit of 718010?
0
What is the hundred thousands digit of 606179?
6
What is the hundred thousands digit of 3375788?
3
What is the hundreds digit of 48979?
9
What is the ten thousands digit of 680312?
8
What is the hundred thousands digit of 1073035?
0
What is the units digit of 20921?
1
What is the tens digit of 491861?
6
What is the tens digit of 144427?
2
What is the ten thousands digit of 8211539?
1
What is the hundred thousands digit of 108640?
1
What is the hundreds digit of 8536448?
4
What is the hundred thousands digit of 292102?
2
What is the thousands digit of 1475667?
5
What is the units digit of 284083?
3
What is the units digit of 3569417?
7
What is the hundreds digit of 4803932?
9
What is the tens digit of 9083917?
1
What is the hundred thousands digit of 1022398?
0
What is the ten thousands digit of 1810022?
1
What is the ten thousands digit of 89753?
8
What is the hundreds digit of 122653?
6
What is the ten thousands digit of 4460780?
6
What is the ten thousands digit of 47036?
4
What is the units digit of 328921?
1
What is the thousands digit of 13261357?
1
What is the thousands digit of 4294419?
4
What is the ten millions digit of 14672623?
1
What is the hundred thousands digit of 16706764?
7
What is the ten thousands digit of 793992?
9
What is the tens digit of 1217264?
6
What is the units digit of 2241452?
2
What is the tens digit of 720034?
3
What is the units digit of 719350?
0
What is the hundreds digit of 103503?
5
What is the hundreds digit of 889462?
4
What is the millions digit of 1369145?
1
What is the units digit of 1470187?
7
What is the hundred thousands digit of 2931160?
9
What is the units digit of 39772?
2
What is the ten millions digit of 19116673?
1
What is the hundreds digit of 105503?
5
What is the ten millions digit of 11994579?
1
What is the hundreds digit of 1106970?
9
What is the hundreds digit of 13114786?
7
What is the ten thousands digit of 1733829?
3
What is the units digit of 2838995?
5
What is the tens digit of 1070509?
0
What is the thousands digit of 56757?
6
What is the ten thousands digit of 39476?
3
What is the units digit of 7504679?
9
What is the hundred thousands digit of 9791830?
7
What is the ten thousands digit of 165539?
6
What is the hundreds digit of 1329768?
7
What is the units digit of 348377?
7
What is the units digit of 6302542?
2
What is the hundred thousands digit of 18895754?
8
What is the ten thousands digit of 43242?
4
What is the hundreds digit of 1510?
5
What is the units digit of 1416473?
3
What is the thousands digit of 499515?
9
What is the units digit of 5353975?
5
What is the units digit of 82939?
9
What is the units digit of 491077?
7
What is the millions digit of 1868386?
1
What is the tens digit of 325086?
8
What is the ten thousands digit of 1761762?
6
Wha